{"id":565,"date":"2015-02-22T20:09:33","date_gmt":"2015-02-22T18:09:33","guid":{"rendered":"http:\/\/wp\/enfold-medium-business\/?page_id=21"},"modified":"2025-08-13T11:59:09","modified_gmt":"2025-08-13T08:59:09","slug":"iletisim","status":"publish","type":"page","link":"https:\/\/garo.org.tr\/home\/iletisim\/","title":{"rendered":"\u0130leti\u015fim"},"content":{"rendered":"\t\t<div data-elementor-type=\"wp-page\" data-elementor-id=\"565\" class=\"elementor elementor-565\" data-elementor-post-type=\"page\">\n\t\t\t\t\t\t<section class=\"elementor-section elementor-top-section elementor-element elementor-element-1bf4dae elementor-section-content-top elementor-section-full_width elementor-section-height-default elementor-section-height-default\" data-id=\"1bf4dae\" data-element_type=\"section\" data-settings=\"{&quot;background_background&quot;:&quot;classic&quot;}\">\n\t\t\t\t\t\t<div class=\"elementor-container elementor-column-gap-narrow\">\n\t\t\t\t\t<div class=\"elementor-column elementor-col-100 elementor-top-column elementor-element elementor-element-d62e38e\" data-id=\"d62e38e\" data-element_type=\"column\">\n\t\t\t<div class=\"elementor-widget-wrap elementor-element-populated\">\n\t\t\t\t\t\t<div class=\"elementor-element elementor-element-f9a1b98 elementor-widget elementor-widget-heading\" data-id=\"f9a1b98\" data-element_type=\"widget\" data-widget_type=\"heading.default\">\n\t\t\t\t<div class=\"elementor-widget-container\">\n\t\t\t\t\t<h2 class=\"elementor-heading-title elementor-size-medium\"><br>GAZ\u0130ANTEP B\u00d6LGESEL TUR\u0130ST REHBERLER\u0130 ODASI\n<\/h2>\t\t\t\t<\/div>\n\t\t\t\t<\/div>\n\t\t\t\t\t<\/div>\n\t\t<\/div>\n\t\t\t\t\t<\/div>\n\t\t<\/section>\n\t\t\t\t<section class=\"elementor-section elementor-top-section elementor-element elementor-element-29f994b elementor-section-content-middle elementor-section-height-min-height elementor-section-boxed elementor-section-height-default elementor-section-items-middle\" data-id=\"29f994b\" data-element_type=\"section\" data-settings=\"{&quot;background_background&quot;:&quot;classic&quot;,&quot;_ha_eqh_enable&quot;:false}\">\n\t\t\t\t\t\t<div class=\"elementor-container elementor-column-gap-no\">\n\t\t\t\t\t<div class=\"elementor-column elementor-col-50 elementor-top-column elementor-element elementor-element-19d2879\" data-id=\"19d2879\" data-element_type=\"column\">\n\t\t\t<div class=\"elementor-widget-wrap elementor-element-populated\">\n\t\t\t\t\t\t<div class=\"elementor-element elementor-element-8d83e8e elementor-widget elementor-widget-text-editor\" data-id=\"8d83e8e\" data-element_type=\"widget\" data-widget_type=\"text-editor.default\">\n\t\t\t\t<div class=\"elementor-widget-container\">\n\t\t\t\t\t\t\t\t\t<p>Adres : \u0130ncili P\u0131nar mah., Ali Fuat Cebesoy Bul. No:4<br \/><span style=\"letter-spacing: 0px;\">Doktorlar Sitesi, \u0130\u00e7 kap\u0131 No:82\u00a0<br \/><\/span><span style=\"letter-spacing: 0px;\">27090 \u015eehitkamil\/GAZ\u0130ANTEP<\/span><\/p>\n<p>Telefon\u00a0 \u00a0 \u00a0 \u00a0: 0342 231 44 40\u00a0\u00a0<br \/><span style=\"font-family: var( --e-global-typography-text-font-family ), Sans-serif; font-weight: var( --e-global-typography-text-font-weight ); letter-spacing: 0px;\">Faks\u00a0 \u00a0 \u00a0 \u00a0 \u00a0 \u00a0: 0342 231 44 40<br \/><\/span><span style=\"font-family: var( --e-global-typography-text-font-family ), Sans-serif; font-weight: var( --e-global-typography-text-font-weight ); letter-spacing: 0px;\">Mobil\u00a0 \u00a0 \u00a0 \u00a0 \u00a0 : 0549 770 80 22<br \/><\/span><span style=\"font-family: var( --e-global-typography-text-font-family ), Sans-serif; font-weight: var( --e-global-typography-text-font-weight ); letter-spacing: 0px;\">Email\u00a0 \u00a0 \u00a0 \u00a0 \u00a0: info@garo.org.tr<br \/>Kep Adres :\u00a0 garo@hs03.kep.tr<\/span><\/p>\n<p><span style=\"font-family: var( --e-global-typography-text-font-family ), Sans-serif; letter-spacing: 0px;\"><u><b>Odam\u0131z \u00c7al\u0131\u015fma Saatleri:<\/b><\/u><\/span><\/p>\n<div>\n<div>Pazartesi\u00a0 \u00a0 :\u00a0<b>10.00-15.00\u00a0<\/b><\/div>\n<div>Sal\u0131\u00a0 \u00a0 \u00a0 \u00a0 \u00a0\u00a0<span style=\"white-space: pre;\"> : <\/span><b>10.00-15.00\u00a0<\/b><\/div>\n<div>\u00c7ar\u015famba\u00a0 :\u00a0<b>10.00-15.00\u00a0<\/b><\/div>\n<div>Per\u015fembe\u00a0 :\u00a0<b>10.00-15.00\u00a0<\/b><\/div>\n<div>Cuma\u00a0 \u00a0 \u00a0 \u00a0 \u00a0:\u00a0\u00a0<b>10.00-15.00\u00a0<\/b><\/div>\n<div>Cumartesi\u00a0 :<b>\u00a0 Kapal\u0131<\/b><\/div>\n<div>Pazar\u00a0 \u00a0 \u00a0 \u00a0 \u00a0:\u00a0 <b>Kapal\u0131<\/b><\/div>\n<\/div>\t\t\t\t\t\t\t\t<\/div>\n\t\t\t\t<\/div>\n\t\t\t\t\t<\/div>\n\t\t<\/div>\n\t\t\t\t<div class=\"elementor-column elementor-col-50 elementor-top-column elementor-element elementor-element-00e4686\" data-id=\"00e4686\" data-element_type=\"column\">\n\t\t\t<div class=\"elementor-widget-wrap elementor-element-populated\">\n\t\t\t\t\t\t<div class=\"elementor-element elementor-element-a05a8c5 elementor-widget elementor-widget-google_maps\" data-id=\"a05a8c5\" data-element_type=\"widget\" data-widget_type=\"google_maps.default\">\n\t\t\t\t<div class=\"elementor-widget-container\">\n\t\t\t\t\t\t\t<div class=\"elementor-custom-embed\">\n\t\t\t<iframe loading=\"lazy\"\n\t\t\t\t\tsrc=\"https:\/\/www.google.com\/maps\/embed\/v1\/place?key=AIzaSyBFZiYf-BiQPZQLZ4wMeplTDzbR61y1Vpo&#038;q=gaziantep%20b%C3%B6lgesel%20turist%20rehberleri%20odas%C4%B1&#038;zoom=10\"\n\t\t\t\t\ttitle=\"gaziantep b\u00f6lgesel turist rehberleri odas\u0131\"\n\t\t\t\t\taria-label=\"gaziantep b\u00f6lgesel turist rehberleri odas\u0131\"\n\t\t\t><\/iframe>\n\t\t<\/div>\n\t\t\t\t\t\t<\/div>\n\t\t\t\t<\/div>\n\t\t\t\t\t<\/div>\n\t\t<\/div>\n\t\t\t\t\t<\/div>\n\t\t<\/section>\n\t\t\t\t<section class=\"elementor-section elementor-top-section elementor-element elementor-element-6fb4bb1 elementor-section-height-min-height elementor-section-items-top elementor-section-content-middle elementor-section-boxed elementor-section-height-default\" data-id=\"6fb4bb1\" data-element_type=\"section\" data-settings=\"{&quot;background_background&quot;:&quot;classic&quot;,&quot;_ha_eqh_enable&quot;:false}\">\n\t\t\t\t\t\t<div class=\"elementor-container elementor-column-gap-no\">\n\t\t\t\t\t<div class=\"elementor-column elementor-col-50 elementor-top-column elementor-element elementor-element-75cc3e6\" data-id=\"75cc3e6\" data-element_type=\"column\">\n\t\t\t<div class=\"elementor-widget-wrap elementor-element-populated\">\n\t\t\t\t\t\t\t<\/div>\n\t\t<\/div>\n\t\t\t\t<div class=\"elementor-column elementor-col-50 elementor-top-column elementor-element elementor-element-65348cf\" data-id=\"65348cf\" data-element_type=\"column\">\n\t\t\t<div class=\"elementor-widget-wrap elementor-element-populated\">\n\t\t\t\t\t\t<div class=\"elementor-element elementor-element-ef60d1a elementor-button-align-center elementor-widget elementor-widget-form\" data-id=\"ef60d1a\" data-element_type=\"widget\" data-settings=\"{&quot;button_width&quot;:&quot;33&quot;,&quot;step_icon_shape&quot;:&quot;square&quot;,&quot;step_type&quot;:&quot;none&quot;}\" popmake-13662=\"\" data-widget_type=\"form.default\">\n\t\t\t\t<div class=\"elementor-widget-container\">\n\t\t\t\t\t\t\t<form class=\"elementor-form\" method=\"post\" name=\"\u0130letisim\">\n\t\t\t<input type=\"hidden\" name=\"post_id\" value=\"565\"\/>\n\t\t\t<input type=\"hidden\" name=\"form_id\" value=\"ef60d1a\"\/>\n\t\t\t<input type=\"hidden\" name=\"referer_title\" value=\"\" \/>\n\n\t\t\t\n\t\t\t<div class=\"elementor-form-fields-wrapper elementor-labels-above\">\n\t\t\t\t\t\t\t\t<div class=\"elementor-field-type-text elementor-field-group elementor-column elementor-field-group-name elementor-col-50 elementor-field-required elementor-mark-required\">\n\t\t\t\t\t\t\t\t\t\t\t\t<label for=\"form-field-name\" class=\"elementor-field-label\">\n\t\t\t\t\t\t\t\tAd\t\t\t\t\t\t\t<\/label>\n\t\t\t\t\t\t\t\t\t\t\t\t\t\t<input size=\"1\" type=\"text\" name=\"form_fields[name]\" id=\"form-field-name\" class=\"elementor-field elementor-size-md  elementor-field-textual\" placeholder=\"Ad\u0131n\u0131z\" required=\"required\" aria-required=\"true\">\n\t\t\t\t\t\t\t\t\t\t\t<\/div>\n\t\t\t\t\t\t\t\t<div class=\"elementor-field-type-text elementor-field-group elementor-column elementor-field-group-field_2be3aa0 elementor-col-50 elementor-field-required elementor-mark-required\">\n\t\t\t\t\t\t\t\t\t\t\t\t<label for=\"form-field-field_2be3aa0\" class=\"elementor-field-label\">\n\t\t\t\t\t\t\t\tSoyad\t\t\t\t\t\t\t<\/label>\n\t\t\t\t\t\t\t\t\t\t\t\t\t\t<input size=\"1\" type=\"text\" name=\"form_fields[field_2be3aa0]\" id=\"form-field-field_2be3aa0\" class=\"elementor-field elementor-size-md  elementor-field-textual\" placeholder=\"Soyad\u0131n\u0131z\" required=\"required\" aria-required=\"true\">\n\t\t\t\t\t\t\t\t\t\t\t<\/div>\n\t\t\t\t\t\t\t\t<div class=\"elementor-field-type-tel elementor-field-group elementor-column elementor-field-group-field_0fac8e4 elementor-col-50 elementor-field-required elementor-mark-required\">\n\t\t\t\t\t\t\t\t\t\t\t\t<label for=\"form-field-field_0fac8e4\" class=\"elementor-field-label\">\n\t\t\t\t\t\t\t\tTelefon\t\t\t\t\t\t\t<\/label>\n\t\t\t\t\t\t\t\t<input size=\"1\" type=\"tel\" name=\"form_fields[field_0fac8e4]\" id=\"form-field-field_0fac8e4\" class=\"elementor-field elementor-size-md  elementor-field-textual\" placeholder=\"Telefon Numaran\u0131z\" required=\"required\" aria-required=\"true\" pattern=\"[0-9()#&amp;+*-=.]+\" title=\"Yaln\u0131zca say\u0131lar ve telefon karakterleri (#, -, *, vb.) kabul edilir.\">\n\n\t\t\t\t\t\t<\/div>\n\t\t\t\t\t\t\t\t<div class=\"elementor-field-type-email elementor-field-group elementor-column elementor-field-group-email elementor-col-50 elementor-field-required elementor-mark-required\">\n\t\t\t\t\t\t\t\t\t\t\t\t<label for=\"form-field-email\" class=\"elementor-field-label\">\n\t\t\t\t\t\t\t\tEmail\t\t\t\t\t\t\t<\/label>\n\t\t\t\t\t\t\t\t\t\t\t\t\t\t<input size=\"1\" type=\"email\" name=\"form_fields[email]\" id=\"form-field-email\" class=\"elementor-field elementor-size-md  elementor-field-textual\" placeholder=\"Email\" required=\"required\" aria-required=\"true\">\n\t\t\t\t\t\t\t\t\t\t\t<\/div>\n\t\t\t\t\t\t\t\t<div class=\"elementor-field-type-textarea elementor-field-group elementor-column elementor-field-group-message elementor-col-70 elementor-field-required elementor-mark-required\">\n\t\t\t\t\t\t\t\t\t\t\t\t<label for=\"form-field-message\" class=\"elementor-field-label\">\n\t\t\t\t\t\t\t\tMesaj\t\t\t\t\t\t\t<\/label>\n\t\t\t\t\t\t<textarea class=\"elementor-field-textual elementor-field  elementor-size-md\" name=\"form_fields[message]\" id=\"form-field-message\" rows=\"5\" placeholder=\"Mesaj\u0131n\u0131z\" required=\"required\" aria-required=\"true\"><\/textarea>\t\t\t\t<\/div>\n\t\t\t\t\t\t\t\t<div class=\"elementor-field-type-recaptcha_v3 elementor-field-group elementor-column elementor-field-group-field_f0405b6 elementor-col-100 recaptcha_v3-bottomleft\">\n\t\t\t\t\t<div class=\"elementor-field\" id=\"form-field-field_f0405b6\"><div class=\"elementor-g-recaptcha\" data-sitekey=\"6LcdB9AeAAAAAEFotm9We6M7Pge_6jQPNuy4u2Id\" data-type=\"v3\" data-action=\"Form\" data-badge=\"bottomleft\" data-size=\"invisible\"><\/div><\/div>\t\t\t\t<\/div>\n\t\t\t\t\t\t\t\t<div class=\"elementor-field-group elementor-column elementor-field-type-submit elementor-col-33 e-form__buttons\">\n\t\t\t\t\t<button type=\"submit\" class=\"elementor-button elementor-size-md\">\n\t\t\t\t\t\t<span >\n\t\t\t\t\t\t\t\t\t\t\t\t\t\t\t<span class=\"elementor-align-icon-right elementor-button-icon\">\n\t\t\t\t\t\t\t\t\t<svg aria-hidden=\"true\" class=\"e-font-icon-svg e-far-paper-plane\" viewBox=\"0 0 512 512\" xmlns=\"http:\/\/www.w3.org\/2000\/svg\"><path d=\"M440 6.5L24 246.4c-34.4 19.9-31.1 70.8 5.7 85.9L144 379.6V464c0 46.4 59.2 65.5 86.6 28.6l43.8-59.1 111.9 46.2c5.9 2.4 12.1 3.6 18.3 3.6 8.2 0 16.3-2.1 23.6-6.2 12.8-7.2 21.6-20 23.9-34.5l59.4-387.2c6.1-40.1-36.9-68.8-71.5-48.9zM192 464v-64.6l36.6 15.1L192 464zm212.6-28.7l-153.8-63.5L391 169.5c10.7-15.5-9.5-33.5-23.7-21.2L155.8 332.6 48 288 464 48l-59.4 387.3z\"><\/path><\/svg>\t\t\t\t\t\t\t\t\t\t\t\t\t\t\t\t\t<\/span>\n\t\t\t\t\t\t\t\t\t\t\t\t\t\t\t\t\t\t\t\t\t\t<span class=\"elementor-button-text\">G\u00f6nder<\/span>\n\t\t\t\t\t\t\t\t\t\t\t\t\t<\/span>\n\t\t\t\t\t<\/button>\n\t\t\t\t<\/div>\n\t\t\t<\/div>\n\t\t<\/form>\n\t\t\t\t\t\t<\/div>\n\t\t\t\t<\/div>\n\t\t\t\t\t<\/div>\n\t\t<\/div>\n\t\t\t\t\t<\/div>\n\t\t<\/section>\n\t\t\t\t<\/div>\n\t\t","protected":false},"excerpt":{"rendered":"<p>GAZ\u0130ANTEP B\u00d6LGESEL TUR\u0130ST REHBERLER\u0130 ODASI Adres : \u0130ncili P\u0131nar mah., Ali Fuat Cebesoy Bul. No:4Doktorlar Sitesi, \u0130\u00e7 kap\u0131 No:82\u00a027090 \u015eehitkamil\/GAZ\u0130ANTEP Telefon\u00a0 \u00a0 \u00a0 \u00a0: 0342 231 44 40\u00a0\u00a0Faks\u00a0 \u00a0 \u00a0 \u00a0 \u00a0 \u00a0: 0342 231 44 40Mobil\u00a0 \u00a0 \u00a0 \u00a0 \u00a0 : 0549 770 80 22Email\u00a0 \u00a0 \u00a0 \u00a0 \u00a0: info@garo.org.trKep Adres :\u00a0 garo@hs03.kep.tr Odam\u0131z [&hellip;]<\/p>\n","protected":false},"author":1,"featured_media":0,"parent":0,"menu_order":0,"comment_status":"closed","ping_status":"closed","template":"","meta":{"_et_pb_use_builder":"on","_et_pb_old_content":"<style>\/*! elementor - v3.6.1 - 23-03-2022 *\/\r\n.elementor-heading-title{padding:0;margin:0;line-height:1}.elementor-widget-heading .elementor-heading-title[class*=elementor-size-]>a{color:inherit;font-size:inherit;line-height:inherit}.elementor-widget-heading .elementor-heading-title.elementor-size-small{font-size:15px}.elementor-widget-heading .elementor-heading-title.elementor-size-medium{font-size:19px}.elementor-widget-heading .elementor-heading-title.elementor-size-large{font-size:29px}.elementor-widget-heading .elementor-heading-title.elementor-size-xl{font-size:39px}.elementor-widget-heading .elementor-heading-title.elementor-size-xxl{font-size:59px}<\/style><h2>GAZ\u0130ANTEP B\u00d6LGESEL TUR\u0130ST REHBERLER\u0130 ODASI\r\n<br><\/h2>\t\t\r\n\t\t<p>Adres : \u0130ncili P\u0131nar mah., Ali Fuat Cebesoy Bul. No:4<br>Doktorlar Sitesi, \u0130\u00e7 kap\u0131 No:82\u00a0<br>27090 \u015eehitkamil\/GAZ\u0130ANTEP<\/p>\r\n<p>Telefon :0342 2314440\u00a0\u00a0<br>Faks : 0342 2314440<br>Mobil : 0549 7708022<br>Email : info@garo.org.tr<\/p>\r\n<p><u style=\"\"><b>Odam\u0131z \u00c7al\u0131\u015fma Saatleri:<\/b><\/u><\/p>\r\nPazartesi <b>10.00-15.00\u00a0<\/b>\r\nSal\u0131\t\u00a0 <b>10.00-15.00\u00a0<\/b>\r\n\u00c7ar\u015famba\u00a0 <b>10.00-15.00\u00a0<\/b>\r\nPer\u015fembe\u00a0 <b>10.00-15.00\u00a0<\/b>\r\nCuma\u00a0 \u00a0 \u00a0 <b>10.00-15.00\u00a0<\/b>\r\nCumartesi<b> Kapal\u0131<\/b>\r\nPazar\u00a0 \u00a0 \u00a0<b>Kapal\u0131<\/b>\t\t\r\n\t\t\t<style>\/*! elementor - v3.6.1 - 23-03-2022 *\/\r\n.elementor-widget-google_maps .elementor-widget-container{overflow:hidden}.elementor-widget-google_maps iframe{height:300px}<\/style>\t\t\r\n\t\t\t<iframe frameborder=\"0\" scrolling=\"no\" marginheight=\"0\" marginwidth=\"0\"\r\n\t\t\t\t\tsrc=\"https:\/\/www.google.com\/maps\/embed\/v1\/place?key=AIzaSyBFZiYf-BiQPZQLZ4wMeplTDzbR61y1Vpo&q=gaziantep%20b%C3%B6lgesel%20turist%20rehberleri%20odas%C4%B1&zoom=10\"\r\n\t\t\t\t\ttitle=\"gaziantep b\u00f6lgesel turist rehberleri odas\u0131\"\r\n\t\t\t\t\taria-label=\"gaziantep b\u00f6lgesel turist rehberleri odas\u0131\"\r\n\t\t\t><\/iframe>\r\n\t\t\t<h1>Ba\u015fkan<br><b>Mehmet Severo\u011flu<br><\/b>Mobil : 0532 3571010<\/h1>","_et_gb_content_width":"","footnotes":"","_joinchat":[]},"_links":{"self":[{"href":"https:\/\/garo.org.tr\/home\/wp-json\/wp\/v2\/pages\/565"}],"collection":[{"href":"https:\/\/garo.org.tr\/home\/wp-json\/wp\/v2\/pages"}],"about":[{"href":"https:\/\/garo.org.tr\/home\/wp-json\/wp\/v2\/types\/page"}],"author":[{"embeddable":true,"href":"https:\/\/garo.org.tr\/home\/wp-json\/wp\/v2\/users\/1"}],"replies":[{"embeddable":true,"href":"https:\/\/garo.org.tr\/home\/wp-json\/wp\/v2\/comments?post=565"}],"version-history":[{"count":158,"href":"https:\/\/garo.org.tr\/home\/wp-json\/wp\/v2\/pages\/565\/revisions"}],"predecessor-version":[{"id":14500,"href":"https:\/\/garo.org.tr\/home\/wp-json\/wp\/v2\/pages\/565\/revisions\/14500"}],"wp:attachment":[{"href":"https:\/\/garo.org.tr\/home\/wp-json\/wp\/v2\/media?parent=565"}],"curies":[{"name":"wp","href":"https:\/\/api.w.org\/{rel}","templated":true}]}}