{"id":828,"date":"2015-08-28T13:52:35","date_gmt":"2015-08-28T10:52:35","guid":{"rendered":"http:\/\/localhost\/demo2\/?page_id=828"},"modified":"2025-02-09T16:39:18","modified_gmt":"2025-02-09T13:39:18","slug":"denetleme-kurulu","status":"publish","type":"page","link":"https:\/\/garo.org.tr\/home\/denetleme-kurulu\/","title":{"rendered":"Denetim Kurulu"},"content":{"rendered":"<table style=\"border-collapse: collapse; width: 15.0745%; height: 235px;\" border=\"1\">\n<tbody>\n<tr style=\"height: 189px;\">\n<td style=\"width: 100%; height: 189px; border-style: hidden;\"><a href=\"https:\/\/garo.org.tr\/home\/ramazan-erdogan\/img-20220124-wa0000-2\/\" rel=\"attachment wp-att-13818\"><img decoding=\"async\" class=\"wp-image-13818 aligncenter\" src=\"https:\/\/garo.org.tr\/wp-content\/uploads\/IMG-20220124-WA0000-1-250x300.jpg\" alt=\"\" width=\"153\" height=\"184\" srcset=\"https:\/\/garo.org.tr\/wp-content\/uploads\/IMG-20220124-WA0000-1-250x300.jpg 250w, https:\/\/garo.org.tr\/wp-content\/uploads\/IMG-20220124-WA0000-1-859x1030.jpg 859w, https:\/\/garo.org.tr\/wp-content\/uploads\/IMG-20220124-WA0000-1-768x920.jpg 768w, https:\/\/garo.org.tr\/wp-content\/uploads\/IMG-20220124-WA0000-1-1282x1536.jpg 1282w, https:\/\/garo.org.tr\/wp-content\/uploads\/IMG-20220124-WA0000-1-200x240.jpg 200w, https:\/\/garo.org.tr\/wp-content\/uploads\/IMG-20220124-WA0000-1-400x479.jpg 400w, https:\/\/garo.org.tr\/wp-content\/uploads\/IMG-20220124-WA0000-1-600x719.jpg 600w, https:\/\/garo.org.tr\/wp-content\/uploads\/IMG-20220124-WA0000-1-800x959.jpg 800w, https:\/\/garo.org.tr\/wp-content\/uploads\/IMG-20220124-WA0000-1-1200x1438.jpg 1200w, https:\/\/garo.org.tr\/wp-content\/uploads\/IMG-20220124-WA0000-1.jpg 1335w\" sizes=\"(max-width: 153px) 100vw, 153px\" \/><\/a><\/td>\n<\/tr>\n<tr style=\"height: 23px;\">\n<td style=\"width: 100%; height: 23px; border-style: hidden; text-align: center;\">\n<h2>A.Turgut G\u00dcNG\u00d6R<\/h2>\n<\/td>\n<\/tr>\n<tr style=\"height: 23px;\">\n<td style=\"width: 100%; height: 23px; border-style: hidden; text-align: center;\">Denetleme Kurulu \u00dcyesi<\/td>\n<\/tr>\n<\/tbody>\n<\/table>\n<p>&nbsp;<\/p>\n<table style=\"border-collapse: collapse; width: 14.0528%; height: 261px;\" border=\"1\">\n<tbody>\n<tr style=\"height: 189px;\">\n<td style=\"width: 100%; height: 189px; border-style: hidden;\">\u00a0<img decoding=\"async\" class=\"wp-image-13912 aligncenter\" src=\"https:\/\/garo.org.tr\/wp-content\/uploads\/selimoztop1.jpeg\" alt=\"selimoztop\" width=\"152\" height=\"182\" \/><\/td>\n<\/tr>\n<tr style=\"height: 23px;\">\n<td style=\"width: 100%; height: 23px; text-align: center; border-style: hidden;\">\n<h2>Selim \u00d6ZTOP<\/h2>\n<\/td>\n<\/tr>\n<tr style=\"height: 23px;\">\n<td style=\"width: 100%; height: 23px; border-style: hidden; text-align: center;\">Denetleme Kurulu \u00dcyesi<\/td>\n<\/tr>\n<\/tbody>\n<\/table>\n<h2>\u00a0<\/h2>\n<table style=\"border-collapse: collapse; width: 14.7137%; height: 269px;\" border=\"1\">\n<tbody>\n<tr style=\"height: 189px;\">\n<td style=\"width: 100%; height: 189px; border-style: hidden;\"><img decoding=\"async\" class=\"wp-image-14116 aligncenter\" src=\"https:\/\/garo.org.tr\/wp-content\/uploads\/mehmet_bulent_ozturk-240x300.jpg\" alt=\"\" width=\"149\" height=\"187\" \/>\u00a0<\/td>\n<\/tr>\n<tr style=\"height: 23px;\">\n<td style=\"width: 100%; height: 23px; text-align: center; border-style: hidden;\">\n<h2>Mehmet B\u00fclent \u00d6zt\u00fcrk<\/h2>\n<\/td>\n<\/tr>\n<tr style=\"height: 23px;\">\n<td style=\"width: 100%; height: 23px; text-align: center; border-style: hidden;\">Denetleme Kurulu \u00dcyesi<\/td>\n<\/tr>\n<\/tbody>\n<\/table>\n<p>&nbsp;<\/p>\n<p><!-- .profile-body END --><\/p>\n<div id=\"gtx-trans\" style=\"position: absolute; left: 96px; top: 1041.55px;\">\n<div class=\"gtx-trans-icon\">\u00a0<\/div>\n<\/div>\n","protected":false},"excerpt":{"rendered":"<p>A.Turgut G\u00dcNG\u00d6R Denetleme Kurulu \u00dcyesi &nbsp; \u00a0 Selim \u00d6ZTOP Denetleme Kurulu \u00dcyesi \u00a0 \u00a0 Mehmet B\u00fclent \u00d6zt\u00fcrk Denetleme Kurulu \u00dcyesi &nbsp; \u00a0<\/p>\n","protected":false},"author":1,"featured_media":0,"parent":0,"menu_order":0,"comment_status":"closed","ping_status":"closed","template":"","meta":{"_et_pb_use_builder":"off","_et_pb_old_content":"","_et_gb_content_width":"","footnotes":"","_joinchat":[]},"_links":{"self":[{"href":"https:\/\/garo.org.tr\/home\/wp-json\/wp\/v2\/pages\/828"}],"collection":[{"href":"https:\/\/garo.org.tr\/home\/wp-json\/wp\/v2\/pages"}],"about":[{"href":"https:\/\/garo.org.tr\/home\/wp-json\/wp\/v2\/types\/page"}],"author":[{"embeddable":true,"href":"https:\/\/garo.org.tr\/home\/wp-json\/wp\/v2\/users\/1"}],"replies":[{"embeddable":true,"href":"https:\/\/garo.org.tr\/home\/wp-json\/wp\/v2\/comments?post=828"}],"version-history":[{"count":22,"href":"https:\/\/garo.org.tr\/home\/wp-json\/wp\/v2\/pages\/828\/revisions"}],"predecessor-version":[{"id":14136,"href":"https:\/\/garo.org.tr\/home\/wp-json\/wp\/v2\/pages\/828\/revisions\/14136"}],"wp:attachment":[{"href":"https:\/\/garo.org.tr\/home\/wp-json\/wp\/v2\/media?parent=828"}],"curies":[{"name":"wp","href":"https:\/\/api.w.org\/{rel}","templated":true}]}}